{"id":28985,"date":"2015-08-29T23:12:04","date_gmt":"2015-08-29T23:12:04","guid":{"rendered":"https:\/\/obscom.intervozes.org.br\/?page_id=28985"},"modified":"2015-08-30T19:55:45","modified_gmt":"2015-08-30T19:55:45","slug":"contribua","status":"publish","type":"page","link":"https:\/\/obscom.intervozes.org.br\/?page_id=28985","title":{"rendered":"Contribua"},"content":{"rendered":"<p class=\"western\" align=\"left\"><strong>Queremos e precisamos da sua ajuda para fazer um Observat\u00f3rio do Direito \u00e0 Comunica\u00e7\u00e3o cada vez melhor! Por isso, convidamos voc\u00ea a:<\/strong><\/p>\n<p class=\"western\" align=\"left\">1) Fazer seus coment\u00e1rios em cada uma das publica\u00e7\u00f5es do nosso site.<\/p>\n<p class=\"western\" align=\"left\">2) Compartilhar nosso conte\u00fado nas redes sociais, por meio dos canais disponibilizados em cada post.<\/p>\n<p class=\"western\" align=\"left\">3)\u00a0Enviar\u00a0<span lang=\"pt-BR\">sugest\u00f5es de pauta, artigos, not\u00edcias e den\u00fancias de viola\u00e7\u00f5es do direito \u00e0 comunica\u00e7\u00e3o para a nossa equipe.<\/span><\/p>\n<p class=\"western\" align=\"left\"><span lang=\"pt-BR\">4) Enviar documentos, pesquisas e trabalhos acad\u00eamicos para a Biblioteca do site, que funciona como um reposit\u00f3rio p\u00fablico.<\/span><\/p>\n<p class=\"western\" align=\"left\"><strong>Entre em contato conosco!<\/strong><\/p>\n<p class=\"western\" align=\"left\"><strong>intervozes@obscom.intervozes.org.br<\/strong><\/p>\n","protected":false},"excerpt":{"rendered":"<p>Queremos e precisamos da sua ajuda para fazer um Observat\u00f3rio do Direito \u00e0 Comunica\u00e7\u00e3o cada vez melhor! Por isso, convidamos voc\u00ea a: 1) Fazer seus coment\u00e1rios em cada uma das publica\u00e7\u00f5es do nosso site. 2) Compartilhar nosso conte\u00fado nas redes sociais, por meio dos canais disponibilizados em cada post. 3)\u00a0Enviar\u00a0sugest\u00f5es de pauta, artigos, not\u00edcias e &hellip; <a href=\"https:\/\/obscom.intervozes.org.br\/?page_id=28985\" class=\"more-link\">Continue lendo <span class=\"screen-reader-text\">Contribua<\/span> <span class=\"meta-nav\">&rarr;<\/span><\/a><\/p>\n","protected":false},"author":3,"featured_media":0,"parent":0,"menu_order":0,"comment_status":"open","ping_status":"open","template":"","meta":{"footnotes":""},"_links":{"self":[{"href":"https:\/\/obscom.intervozes.org.br\/index.php?rest_route=\/wp\/v2\/pages\/28985"}],"collection":[{"href":"https:\/\/obscom.intervozes.org.br\/index.php?rest_route=\/wp\/v2\/pages"}],"about":[{"href":"https:\/\/obscom.intervozes.org.br\/index.php?rest_route=\/wp\/v2\/types\/page"}],"author":[{"embeddable":true,"href":"https:\/\/obscom.intervozes.org.br\/index.php?rest_route=\/wp\/v2\/users\/3"}],"replies":[{"embeddable":true,"href":"https:\/\/obscom.intervozes.org.br\/index.php?rest_route=%2Fwp%2Fv2%2Fcomments&post=28985"}],"version-history":[{"count":3,"href":"https:\/\/obscom.intervozes.org.br\/index.php?rest_route=\/wp\/v2\/pages\/28985\/revisions"}],"predecessor-version":[{"id":29074,"href":"https:\/\/obscom.intervozes.org.br\/index.php?rest_route=\/wp\/v2\/pages\/28985\/revisions\/29074"}],"wp:attachment":[{"href":"https:\/\/obscom.intervozes.org.br\/index.php?rest_route=%2Fwp%2Fv2%2Fmedia&parent=28985"}],"curies":[{"name":"wp","href":"https:\/\/api.w.org\/{rel}","templated":true}]}}