{"id":28623,"date":"2015-06-08T00:45:56","date_gmt":"2015-06-08T00:45:56","guid":{"rendered":"https:\/\/obscom.intervozes.org.br\/?page_id=28623"},"modified":"2015-08-30T19:54:45","modified_gmt":"2015-08-30T19:54:45","slug":"quem-somos","status":"publish","type":"page","link":"https:\/\/obscom.intervozes.org.br\/?page_id=28623","title":{"rendered":"Quem Somos"},"content":{"rendered":"<p>Em funcionamento desde fevereiro de 2007, o Observat\u00f3rio do Direito \u00e0 Comunica\u00e7\u00e3o \u00e9 uma iniciativa do Intervozes \u2013 Coletivo Brasil de Comunica\u00e7\u00e3o Social que tem por objetivo estimular o debate cr\u00edtico sobre a situa\u00e7\u00e3o do Direito \u00e0 Comunica\u00e7\u00e3o no Brasil.<\/p>\n<p>A partir do acompanhamento anal\u00edtico das pol\u00edticas p\u00fablicas e das iniciativas da sociedade civil no setor, buscamos disponibilizar conte\u00fado qualificado e especializado que permita ao p\u00fablico em geral conhecer a realidade das comunica\u00e7\u00f5es sob uma perspectiva engajada na luta pela liberdade de express\u00e3o, desconcentra\u00e7\u00e3o da propriedade, diversidade, controle social, direito ao acesso e \u00e0 produ\u00e7\u00e3o e combate \u00e0s opress\u00f5es.<\/p>\n<p>Entre 2007 e 2014, com o apoio financeiro da Funda\u00e7\u00e3o Ford, o Observat\u00f3rio do Direito \u00e0 Comunica\u00e7\u00e3o funcionou como ferramenta que produziu, organizou e disponibilizou materiais de refer\u00eancia sobre o Direito \u00e0 Comunica\u00e7\u00e3o, acompanhando a conjuntura do setor, apresentando novos fatos, vers\u00f5es e an\u00e1lises cr\u00edticas para o leitor. Ap\u00f3s esse per\u00edodo, com a suspens\u00e3o do financiamento que garantia sua execu\u00e7\u00e3o, o projeto teve o escopo reduzido, mantendo suas fun\u00e7\u00f5es de reposit\u00f3rio e reprodu\u00e7\u00e3o de conte\u00fado, mas reduzindo a\u00a0produ\u00e7\u00e3o pr\u00f3pria de conte\u00fado.<\/p>\n<p>Os conte\u00fados produzidos e reunidos pelo Observat\u00f3rio do Direito \u00e0 Comunica\u00e7\u00e3o buscam tratar a comunica\u00e7\u00e3o em perspectiva ampla, abordando desde quest\u00f5es relativas \u00e0 propriedade dos meios ao conte\u00fado difundido pelas emissoras concession\u00e1rias de r\u00e1dio e televis\u00e3o, passando pela mais recente discuss\u00e3o sobre a converg\u00eancia tecnol\u00f3gica e a digitaliza\u00e7\u00e3o da m\u00eddia.<\/p>\n<p><strong>DESENVOLVIMENTO DO SITE:<\/strong><br \/>\nDiego Oliveira<\/p>\n<p><strong>POL\u00cdTICA DE PUBLICA\u00c7\u00c3O:<\/strong><br \/>\n* Todo conte\u00fado produzido pelo Observat\u00f3rio do Direito \u00e0 Comunica\u00e7\u00e3o \u00e9 licenciado por meio da autoriza\u00e7\u00e3o Creative Commons Atribui\u00e7\u00e3o &#8211; N\u00e3o Comercial &#8211; Compartilha igual 2.5 Gen\u00e9rica, dispon\u00edvel em &lt;<a href=\"http:\/\/creativecommons.org\/licenses\/by-nc-sa\/2.5\/deed.pt\">http:\/\/creativecommons.org\/licenses\/by-nc-sa\/2.5\/deed.pt<\/a>&gt;. Isso significa que tais conte\u00fados podem ser reproduzidos, integral ou parcialmente, podendo ser at\u00e9 mesmo traduzido, desde que sempre seja reconhecido o direito de atribui\u00e7\u00e3o e refer\u00eancia aos nomes dos autores, nos termos da licen\u00e7a. Adicionalmente, caso o uso implique altera\u00e7\u00e3o, transforma\u00e7\u00e3o ou cria\u00e7a\u00f5 de outra obra com base em qualquer dos artigos, a obra resultante somente poder\u00e1 ser distribu\u00edda sob uma licen\u00e7a id\u00eantica a que ora est\u00e1 em vig\u00eancia.<\/p>\n<p>* Os conte\u00fados de terceiros reproduzidos neste site seguem as pol\u00edticas de direitos autorais do ve\u00edculo ou institui\u00e7\u00e3o de origem.<\/p>\n<p><strong>CONTATO:<\/strong><br \/>\nRua Rego Freitas, 454<br \/>\nCj 92 \u2013 9\u00ba andar<br \/>\nRep\u00fablica \u2022 01220-010<br \/>\nS\u00e3o Paulo \u2022 SP<br \/>\nTelefone: 11 3877 0824<br \/>\nintervozes@obscom.intervozes.org.br<\/p>\n","protected":false},"excerpt":{"rendered":"<p>Em funcionamento desde fevereiro de 2007, o Observat\u00f3rio do Direito \u00e0 Comunica\u00e7\u00e3o \u00e9 uma iniciativa do Intervozes \u2013 Coletivo Brasil de Comunica\u00e7\u00e3o Social que tem por objetivo estimular o debate cr\u00edtico sobre a situa\u00e7\u00e3o do Direito \u00e0 Comunica\u00e7\u00e3o no Brasil. A partir do acompanhamento anal\u00edtico das pol\u00edticas p\u00fablicas e das iniciativas da sociedade civil no &hellip; <a href=\"https:\/\/obscom.intervozes.org.br\/?page_id=28623\" class=\"more-link\">Continue lendo <span class=\"screen-reader-text\">Quem Somos<\/span> <span class=\"meta-nav\">&rarr;<\/span><\/a><\/p>\n","protected":false},"author":3,"featured_media":0,"parent":0,"menu_order":0,"comment_status":"open","ping_status":"open","template":"","meta":{"footnotes":""},"_links":{"self":[{"href":"https:\/\/obscom.intervozes.org.br\/index.php?rest_route=\/wp\/v2\/pages\/28623"}],"collection":[{"href":"https:\/\/obscom.intervozes.org.br\/index.php?rest_route=\/wp\/v2\/pages"}],"about":[{"href":"https:\/\/obscom.intervozes.org.br\/index.php?rest_route=\/wp\/v2\/types\/page"}],"author":[{"embeddable":true,"href":"https:\/\/obscom.intervozes.org.br\/index.php?rest_route=\/wp\/v2\/users\/3"}],"replies":[{"embeddable":true,"href":"https:\/\/obscom.intervozes.org.br\/index.php?rest_route=%2Fwp%2Fv2%2Fcomments&post=28623"}],"version-history":[{"count":16,"href":"https:\/\/obscom.intervozes.org.br\/index.php?rest_route=\/wp\/v2\/pages\/28623\/revisions"}],"predecessor-version":[{"id":29073,"href":"https:\/\/obscom.intervozes.org.br\/index.php?rest_route=\/wp\/v2\/pages\/28623\/revisions\/29073"}],"wp:attachment":[{"href":"https:\/\/obscom.intervozes.org.br\/index.php?rest_route=%2Fwp%2Fv2%2Fmedia&parent=28623"}],"curies":[{"name":"wp","href":"https:\/\/api.w.org\/{rel}","templated":true}]}}